 - 334. Let l(w) = -w**3 + 15*w**2 - 12*w - 7. Let j(s) = -s**3 + 15*s**2 - 13*s - 6. Let x(o) = 2*j(o) - 3*l(o). What is the tens digit of x(c)?
5
Suppose 0 = -113*z + 109*z + x + 159180, -5*z + 198954 = 4*x. What is the thousands digit of z?
9
Let c = -3055 + 17011. What is the thousands digit of c?
3
Let r = 19057 + -6670. What is the ten thousands digit of r?
1
Let v(o) be the second derivative of 265*o**4/12 + o**3/3 - 9*o**2/2 + 206*o. What is the units digit of v(2)?
5
Let o be 5 - (-1 - (2 - -2)). Suppose -1407 = -o*u + 5433. What is the tens digit of u?
8
Let c be 4/12*208 - (-2)/(-6). Suppose -76*w = -c*w - 10731. What is the hundreds digit of w?
5
Suppose -2*u + 2508 = -5*u. Let p be -3*1*(-4 - (-9 + 6)). What is the tens digit of (u/33)/((-2)/p)?
3
Let i(p) = -12*p**2 + 1113*p - 88. What is the hundreds digit of i(90)?
8
Suppose -n = d + 2*n - 16, -d - 4*n = -20. Suppose -4*q + 728 = -5*i, d*i + 585 = 3*q + 40. What is the units digit of q?
7
Suppose 7*b = -5*b + 48. Suppose -2*w = -4 - b. Suppose p = -w*t + 78 + 23, -97 = -p - 5*t. What is the units digit of p?
7
Let x(f) = -48*f**3 + 2*f**2 - 3*f - 169. What is the ten thousands digit of x(-7)?
1
Suppose -2*h - 12*h - 294 = 0. What is the tens digit of h*(480/(-28))/2?
8
Suppose -3*w + k + 34193 = 0, -3*k + 3 - 9 = 0. What is the hundreds digit of w?
3
Suppose 61372 = 12*t - 68924. What is the tens digit of t?
5
Let s = 508 - 504. Suppose -s*v + 1792 = 2*p, 5*p + v + 3*v = 4510. What is the units digit of p?
6
Let k = 415 - 735. Let n be 51/2*k/(-24). Suppose 0 = 4*v + o - n, -2*v + 0*o = o - 172. What is the tens digit of v?
8
Let g = -152 - -154. What is the units digit of -1 + g - (0 + -1) - -127?
9
Let v(h) = h**3 + 12*h**2 + 14*h - 20. Let x be v(-9). Suppose 102*f - 180 = x*f. What is the units digit of f?
6
Let s = 11645 + 2667. What is the tens digit of s?
1
Suppose -25 = -26*x + 27. Suppose -6*d = -5*d + x, -4*t + 1654 = 5*d. What is the hundreds digit of t?
4
Let l(w) = -2*w**3 - 23*w**2 - 87*w - 86. What is the units digit of l(-20)?
4
Let v(o) = -51*o + 5. Let h(d) = -154*d + 15. Let n(z) = 6*h(z) - 17*v(z). Let t be n(-5). Suppose 0 = -8*g + 3*g + t. What is the tens digit of g?
5
Let b = -5 - 63. Let l = 55 - b. What is the tens digit of l?
2
Let g = 58444 + 21310. What is the units digit of g?
4
What is the hundreds digit of (15145 - 11) + 9 + 4?
1
Let x be 57/133 + (-1)/(7/94). Let c = 13 + x. Suppose c = -3*a + 3*r + 297, 0 = 3*a + 3*r - 0*r - 291. What is the tens digit of a?
9
Let z(c) = 278*c + 72. Let u(y) = -4*y**2 + 27*y + 12. Let o be u(7). What is the hundreds digit of z(o)?
4
Suppose 3*s - 2*s = 333. Let p = 475 - s. What is the tens digit of p?
4
Let o(y) = -y**3 + 25*y**2 + 50*y - 40. Let l be o(27). Let b = l + 334. What is the hundreds digit of b?
1
Let v(c) = -c**3 + 6*c**2 + 11*c + 44. What is the hundreds digit of v(-12)?
5
Let o = -6301 - -12087. What is the thousands digit of o?
5
Suppose 84*r - 156 = 71*r. What is the hundreds digit of 193/1 - 2*(-6)/r?
1
Suppose -25 = -5*o, -4*o - 2506 = -4*h + 7*h. Let x = 1808 + h. What is the tens digit of x?
6
Let y be ((-4)/(-9))/(2/126*14). Suppose -8944 = -5*n + y*c - 3336, -3368 = -3*n + 2*c. What is the thousands digit of n?
1
Suppose k + 3*x = 18, 0 = 5*x - 0 - 20. Let v(z) be the third derivative of 13*z**4/24 + 3*z**3/2 + 8*z**2. What is the units digit of v(k)?
7
Suppose -85*x - 30440 = -198*x + 93*x. What is the tens digit of x?
2
Suppose 10 - 22 = 3*k. Let p be (97/k)/((-6)/24). Let m = p - 34. What is the units digit of m?
3
Let u(q) = 4*q + 23. Let g be u(6). Let y = g - 54. Let f(t) = 5*t**2 + 17*t + 13. What is the units digit of f(y)?
9
Suppose 15*h - 51*h - 349298 + 952262 = 0. What is the hundreds digit of h?
7
Suppose 5*u - 24 + 4 = 0. Suppose 3*q - 16 - 668 = 0. Suppose -q = g - u*g. What is the tens digit of g?
7
Let y be 371*(-8 + (4 - (-2 + 3))). Let o = -1096 - y. What is the hundreds digit of o?
7
Suppose -2*j + 6*j = -20, -4*t + 81 = -5*j. Let z be 231/66*1/((-1)/t). Let d = 20 - z. What is the units digit of d?
9
Suppose 17*k + 327526 + 255736 = 36*k. What is the tens digit of k?
9
Let d be (-4)/8 + (-45)/6. Suppose -6*i - i = 105. What is the tens digit of d/5*i/(-6)*-13?
5
What is the thousands digit of 6/(-105)*-5*(112596 + -8)?
2
Let n = -104 - -783. Suppose 0 = p - 2*m - 221, -3*p - 6*m + 4*m + n = 0. What is the units digit of p?
5
Let f be 615/(-195) - (-1)/((-52)/(-8)). What is the units digit of -3 + 622 + f + 9?
5
Let p(k) = -k**3 - 12*k**2 - 13*k + 10. Suppose -5*c = -5*h + 45, -4*c - 19 = -c - 5*h. What is the hundreds digit of p(c)?
3
What is the tens digit of 148616/416 + (1/(-4) - -1)?
5
Suppose -123*i = -128*i + 10320. What is the tens digit of i?
6
Let n be 1/4 + -1 - 46/(-8). Suppose 3*d - 457 = -5*m, n*d = d - 4*m + 604. What is the hundreds digit of d?
1
Suppose -o + 5*f - 3 - 2 = 0, 5*o = -5*f + 65. Let z be 6136/o - 1 - 9/15. Suppose -3*a + 174 = -z. What is the tens digit of a?
6
Let h(o) = -o**2 + 740*o - 7185. What is the hundreds digit of h(10)?
1
Suppose 30*p - 21*p - 4581 = 0. Suppose -4*m + v = -2054, 3*m + 2*v = 2*m + p. What is the units digit of m?
3
Let w(n) = -11*n**2 - 3*n + 2. Let p be w(-1). What is the tens digit of -8 - ((-2 - p) + -195)?
8
Suppose 2*l = 4*v - 6, v + 37 = -4*l - l. Let f(y) = y**3 + 7*y**2 - 2*y - 15. Let k be f(l). What is the units digit of (-89)/(-4 - -2 - k)?
9
What is the tens digit of 1380/46*(2309/3 + -5)?
4
Let t(b) = -20*b**3 + 46*b**2 + 31*b - 24. What is the hundreds digit of t(-7)?
8
Let h(j) = -12581*j + 2195. What is the thousands digit of h(-3)?
9
Suppose 22400 + 5674240 = 138*b. What is the hundreds digit of b?
2
Suppose -5*g = 3*j - 218816, -17*g - 4*j + 218818 = -12*g. What is the units digit of g?
2
Let v(h) = -18*h**3 + 111*h**2 + 18*h. What is the units digit of v(-6)?
6
Let h(n) = 422*n**2 + 49*n - 199. What is the hundreds digit of h(4)?
7
Let l = 61 + -139. Let x be 1 + -13 + (-23)/((-115)/(-30)). What is the hundreds digit of (-10 - x)*(l/(-4) - 0)?
1
Let z(i) = -9*i - 15. Suppose 0 = 5*h - 2*q + 102, 3*h + 82 = -2*q - 2*q. Let u be z(h). Suppose u*c = 187*c - 768. What is the units digit of c?
2
Let o be 14/(-4) + 44/8. Suppose 47 = 2*w - 7. What is the units digit of o/(-6) + 1170/w?
3
Let v(f) = f**3 - 7*f**2 - f + 10. Let t be v(7). Suppose -2*q = -t*j - 4*q + 4, j + q = 1. Suppose 10*l - 1008 = j*l. What is the units digit of l?
6
Let t = -67984 + 135820. What is the hundreds digit of t?
8
What is the hundreds digit of 28260 + (57/19 - 19)?
2
Suppose -5776 = -p - j, -12011 - 5309 = -3*p - 5*j. Suppose -9*f = -p - 3274. What is the tens digit of f?
0
Suppose -4*m - 3578 = -l, -10*l - 3560 = -11*l - 2*m. What is the units digit of l?
6
Let y be (1416/10)/(51/(-680)). Let s = 2761 + y. What is the units digit of s?
3
Let g = -535 - -5015. Let i = -3027 + g. What is the tens digit of i?
5
Suppose -129*z = -16*z - 242385. What is the units digit of z?
5
Suppose 0 = 443*s - 445*s. What is the tens digit of (-4 - (-422 + 5)) + s?
1
Let y be (-4)/(-1)*(370 - (0 + 0)). Let j be 27/21 + -1 - y/(-14). Suppose -174 - j = -5*t. What is the tens digit of t?
5
Let f(n) = n + 1. Let w(i) = 2*i**3 + 12*i**2 + 6*i - 7. Suppose -3*k - 12 - 3 = 0. Let z be w(k). What is the units digit of f(z)?
4
Let t be -7*(3 - 2 - 0/(-7)). What is the tens digit of t/(-14) + 6705/6?
1
Let r = 5856 + -3805. What is the thousands digit of r?
2
Let c = -30 - -12. Let s(q) = -15*q**2 + 25*q + 6. Let g be s(4). What is the units digit of g/(-3) - (-12)/c?
4
Suppose -12 = -4*p, -x + p = -6*x + 18. Let c be 15 - (-2 + x - 3). What is the tens digit of (c - 2)*9/5?
2
Suppose -30252 = 201*u - 206*u - p, -2*u + 12110 = 5*p. What is the units digit of u?
0
Let q = 18099 - 3971. What is the ten thousands digit of q?
1
Let d(z) = 8*z + 52. Let f be d(33). What is the hundreds digit of (-3 + (-27)/(-18))/((-3)/f)?
1
Let a(u) = 14*u**2 - 4*u - 8. Let v be a(-2). Suppose 4*r - 234 + v = -n, n - 3*r - 199 = 0. What is the tens digit of n?
9
Suppose -146*g + 149*g - 3*m = 75207, 4*g - 8*m = 100256. What is the hundreds digit of g?
0
Suppose 0 = -659*m + 642*m + 363647. What is the tens digit of m?
9
What is the units digit of (1939/35 + -3)/